f o(-8)?
5
Let u = 9295 - 267. What is the thousands digit of u?
9
Suppose 81 = -12*r + 11*r + 4*j, 414 = -4*r + j. Let b = 659 + -404. Let k = r + b. What is the hundreds digit of k?
1
Let o(h) be the second derivative of -7*h**5/120 + 27*h**4/8 + 35*h**3/6 - 18*h. Let p(f) be the second derivative of o(f). What is the units digit of p(8)?
5
Suppose 48*w = 43*w - 5, -25222 = -3*q + 4*w. What is the thousands digit of q?
8
Let o be 2/(-15) - 2*(-47284)/60. What is the hundreds digit of ((4 - 11) + 6)/((-2)/o)?
7
Suppose -28*w + 101*w + 125*w - 8527464 = 0. What is the tens digit of w?
6
Let x(g) = g**3 - 12*g**2 + 12*g - 13. Let t be x(11). Let f be -6 + -2 + t + 0. What is the hundreds digit of (-145)/f*-10*(-8)/10?
1
Let j = -33 - -21. Let t = j + 25. Let d(w) = -w**3 + 12*w**2 + 13*w + 17. What is the units digit of d(t)?
7
Let k be (31/(-155))/(2/(-11710)). Suppose -4*i = -c + 377, 2*c + 4*i = 5*c - k. What is the units digit of c?
7
What is the tens digit of 35*27/(-378)*64268/(-10)?
6
Let p(c) = 2*c - 85. Let y be p(10). Suppose -6*d = -923 + 167. Let n = y + d. What is the units digit of n?
1
Let s = -13080 + 30057. Let v = s - 2482. What is the tens digit of 2/(-7) - v/(-91)?
5
Let i = -2491 + 4015. What is the tens digit of i?
2
Let x(t) = 301*t - 3843. What is the thousands digit of x(21)?
2
Suppose 17*o + 32*o - 9213 = 48*o. What is the hundreds digit of o?
2
Let x be (0 - (-5 - -1))*-428. What is the tens digit of 1 + 0 + 1 - x/8?
1
Suppose -188 = -0*g - 4*g. Let j = g - 47. Suppose 66*b - 61*b - 545 = j. What is the hundreds digit of b?
1
Suppose 3*g + 5*r - 3 = 0, 6*r = -2*g + 3*r + 3. What is the units digit of (g/(-18))/(2/(-6372))?
2
Let w(z) = 5*z - 5. Let q be w(-1). Let r be 2960/6 - q/15. Let y = r - 255. What is the hundreds digit of y?
2
Let m(j) = 3*j**3 - 12*j - 5. Let p be m(4). Suppose 2*k - 519 - p = 0. What is the tens digit of k?
2
Suppose 6*f - 5*f + 3 = 0. Let h = -104 - -110. What is the units digit of (1 - (-9)/(-2))/(f/h)?
7
Let r(h) = 119*h**2 - 76*h - 452. What is the units digit of r(-8)?
2
Let v = -11813 + 18496. What is the tens digit of v?
8
Let y(q) = -2558*q + 11030. What is the hundreds digit of y(-18)?
0
Let c(m) = -410*m + 1044. What is the ten thousands digit of c(-26)?
1
Let w(i) = 14 + i**3 + 10 + 16*i**2 - 32 - 10*i. What is the units digit of w(-12)?
8
Suppose q - 5*f = -11, -4*f + 5 - 1 = 0. Let t be 106/q + (-8)/(-12). Let w = t - -35. What is the units digit of w?
8
What is the hundreds digit of -103*1179*131/(-655) - (-6)/10?
2
Let v(k) be the second derivative of -k**5/20 - k**4/3 - 13*k**3/6 + 12*k**2 - k - 22. What is the units digit of v(-9)?
6
Let y be (-1 - -2)/((-9)/(-261)). Let z = y - 21. Let o = 78 + z. What is the tens digit of o?
8
Let w(h) = 32*h + 15. Let f be w(-3). Let c = -90 - f. What is the tens digit of 3/(c/12)*-37 + 1?
4
Let k(m) = 2*m**2 + 114*m + 24. Let g be k(21). Suppose -24*a + g = -4*a. What is the tens digit of a?
6
Let j = 2208 + -669. Suppose -5*s + a = -j, a - 2*a + 1531 = 5*s. Suppose -q = -5*v - 0*v - 134, 0 = 2*q + 3*v - s. What is the tens digit of q?
4
Let g(y) be the second derivative of 167*y**3/3 - 3*y**2/2 - y. Let h be g(-1). Let t = h - -522. What is the hundreds digit of t?
1
Suppose 0 = 5*f, -3*o = -3*f - 2849 + 632. What is the hundreds digit of o?
7
Let o(w) = 186*w**3 + 2*w**2 - w + 1. Let l be o(5). Suppose 0 = 57*d - 5*d - l. What is the units digit of d?
8
Suppose -3*s = -k + 68552, 5*s = -23*k + 20*k + 205530. What is the units digit of k?
5
Suppose 24911 = 30*w - 178639. What is the hundreds digit of w?
7
Let t = -13 + 32. Suppose h + 3 = 3*j + 12, -3*h + t = -5*j. Suppose -2*c + h*y + 199 = 0, 0*c + 2*c - 5*y = 205. What is the tens digit of c?
9
Let y(n) = -8*n - 8*n**2 - 3*n**2 + 12*n**2 - 2*n**2 + 4. Let r be -1 - 2 - (11 + -10). What is the tens digit of y(r)?
2
Let u be (-15 - 1)*186/124. Let a(k) = 2*k**2 - 27*k + 34. What is the units digit of a(u)?
4
Suppose -12*v - 10470 = -13*v + 2*d, -20935 = -2*v + 5*d. What is the thousands digit of v?
0
Let r be 5/15*9*5790/(-9). What is the tens digit of (-5)/20 - (2 + r/8)?
3
Let g be (-15)/(-5) + (-1326)/3. Let x = 475 + g. What is the tens digit of x?
3
Let v(o) = 2*o + 24. Let g(i) = -5*i - 48. Let t(q) = -3*g(q) - 5*v(q). Let h be 4/(2 - 1) + 3. What is the tens digit of t(h)?
5
Let i(h) = -2242*h + 69. Let w be i(-1). Let c = w - 221. What is the tens digit of c?
9
Let v(a) = 6*a**2 + 57 + 51*a**3 - 24*a**2 - 50*a**3 - 22*a. Let z be v(19). Let h(u) = 3*u + 234. What is the units digit of h(z)?
4
Suppose 19*q - 17*q = 2198. Suppose 10*r - 12*r = -4*y - 2210, -5*y - q = -r. What is the units digit of r?
9
Let k(a) = a + 2. Let t be k(-4). Let j(q) = -q**3 - q**2 - 2*q - 4. Let v be j(t). Suppose -4*z = -v*o - 656, 3*o = z - 66 - 102. What is the tens digit of z?
6
Let c(o) = -35 - 20 - 39*o - 1467*o**2 - o**3 + 1449*o**2. What is the tens digit of c(-19)?
4
Suppose 308370 = 4*s - 10*p, -3*p - 308433 = -9*s + 5*s. What is the tens digit of s?
1
Suppose 0*n - 3*j + 9 = 3*n, 2*n + 22 = 5*j. What is the units digit of 1392/(-32)*(n + (0 - 1))?
7
Let t(m) = -179*m - 1603. What is the units digit of t(-22)?
5
Suppose f = -r + 5, 2 = -2*f - r + 17. Let s(z) = 4*z**2 - 3 + f + 18*z + 13 - 5*z**2. What is the units digit of s(17)?
7
Let f = -78199 - -111132. What is the tens digit of f?
3
Let z(k) = -8*k**2 + 24*k. Let d be z(2). Suppose 19*m - 297 = d*m. What is the tens digit of m?
9
What is the thousands digit of (-172444)/(-2)*(-10)/(-20)?
3
Suppose 37708 = 7*r - 6917. Suppose -r = -5*c - 12*c. What is the tens digit of c?
7
Suppose 12*f - 27*f = -18*f + 38211. What is the ten thousands digit of f?
1
Let o be 1*(0 + 0 + 2). Let m = 5427 + -5422. Suppose m*c + 47 = -5*t + 332, -o*t + 86 = -5*c. What is the tens digit of t?
5
Let n(v) = -v**2 + 102*v - 140. What is the units digit of n(83)?
7
Let v be -131*(-2 - (-6)/6). Suppose 297 = r + 2*c, -5*r + 1424 + v = -4*c. What is the tens digit of r?
0
Let j(x) = 169*x - 3733. What is the hundreds digit of j(35)?
1
Let t = -83 + 133. Let m be ((-17)/4)/(7/28). Let n = m + t. What is the tens digit of n?
3
Let x(d) = -108*d - 14*d - 15 - 68 - 77*d. What is the tens digit of x(-3)?
1
Suppose -1110 = -45*d + 31155. Let y = 549 + d. What is the units digit of y?
6
Let f be ((-3)/2)/((-6)/8). Let g(m) = -192*m + 4 + 13*m**3 + 504*m - 313*m. What is the tens digit of g(f)?
0
Let z = 12432 + 7196. What is the thousands digit of z?
9
Suppose 368 - 2274 = -3*a + 5*t, 2*a - 4*t - 1270 = 0. What is the hundreds digit of ((-27)/(-3) - 8) + a*1?
6
Let y(n) = 13590*n**2 - 49*n - 98. What is the units digit of y(-2)?
0
Let o(d) = 3*d**2 - 189*d - 49. What is the hundreds digit of o(-33)?
4
Let p(a) = -a**3 - 2*a**2 - 3. Let s be p(-2). What is the units digit of (-6*(-20)/36 + s)*219?
3
Let r(m) = 4*m - 21. Let f(y) = -3*y + 21. Let h(d) = 5*f(d) + 4*r(d). Let k be h(-22). What is the units digit of 0 - (k - 11)*6?
2
What is the units digit of 489 + 69 - (19 + 5)/(-4)?
4
Let x = -79 - -123. Suppose 2*n = -0*n - 2*j + x, 2*j + 76 = 4*n. Suppose -l = -86 - n. What is the tens digit of l?
0
Let a be 5 - 8*(-14)/(-7). Let k = a + 48. What is the units digit of k?
7
Let u be (3 - (6 + -9)) + 89 + 0. Suppose -2*z = 5*b - 1096, u*b + 4*z = 91*b + 884. What is the tens digit of b?
1
Let t(b) = -228*b - 10291. What is the ten thousands digit of t(-139)?
2
Suppose 6*m = 18 - 0. Suppose d = -m*f + 768, -2*f - 1274 - 1085 = -3*d. What is the units digit of d?
3
Let s(k) = k**3 + k**2 + 4. Let i be s(-2). Let u(m) = -m**2 - 2*m - 4. Let l be u(i). What is the units digit of 38 - 1 - (4 + l)?
7
Suppose 2*z = 5*z - 51. Let c be 13/(1/z - 0). Let h = c + -157. What is the tens digit of h?
6
Let n(l) = -119*l**2 - 16*l + 3. Let b be n(8). Let y = b - -4597. What is the hundreds digit of (1/3)/(12568/y + 4)?
1
Let l be 126/(-12)*(-2 + 24/9). Let v = l + 10. Suppose 79 = 5*m + v*o - 284, -5*m + o = -359. What is the tens digit of m?
7
Suppose 7*r = -5*i + 114992, 8*i + 45 = 13*i. What is the tens digit of r?
2
Let f(r) = 804*r**2 + 23*r - 57. Let c be f(3). Suppose 2187 = 17*w - c. What is the hundreds digit of w?
5
Let k(y) = 316*y**2 + 10*y - 72. What is the units digit 